{"id":146,"date":"2021-01-12T16:13:13","date_gmt":"2021-01-12T15:13:13","guid":{"rendered":"http:\/\/photos-infographiste.com\/boutique\/produit\/import-placeholder-for-2630\/"},"modified":"2021-01-13T16:38:13","modified_gmt":"2021-01-13T15:38:13","slug":"panorama-de-brest-vue-du-pont-de-lharteloire","status":"publish","type":"product","link":"https:\/\/photos-infographiste.com\/boutique\/produit\/panorama-de-brest-vue-du-pont-de-lharteloire\/","title":{"rendered":"Panorama de Brest &#8211; vue du pont de l&#8217;Harteloire"},"content":{"rendered":"<p>Panorama de Brest dans le Finist\u00e8re, vue du Pont de l&#8217;Harteloire, c\u00f4t\u00e9 mer.<br \/>\nTaille r\u00e9elle de l&#8217;image 1,30 m x 0,22 m \u00e0 300 dpi<\/p>\n","protected":false},"excerpt":{"rendered":"<p>Panorama de Brest, vue du Pont de l&#8217;Harteloire, c\u00f4t\u00e9 mer.<\/p>\n","protected":false},"featured_media":179,"comment_status":"closed","ping_status":"closed","template":"","meta":[],"yoast_head":"<!-- This site is optimized with the Yoast SEO plugin v16.3 - https:\/\/yoast.com\/wordpress\/plugins\/seo\/ -->\n<title>Panorama de Brest - vue du pont de l&#039;Harteloire - La boutique photos<\/title>\n<meta name=\"robots\" content=\"index, follow, max-snippet:-1, max-image-preview:large, max-video-preview:-1\" \/>\n<link rel=\"canonical\" href=\"https:\/\/photos-infographiste.com\/boutique\/produit\/panorama-de-brest-vue-du-pont-de-lharteloire\/\" \/>\n<meta property=\"og:locale\" content=\"fr_FR\" \/>\n<meta property=\"og:type\" content=\"article\" \/>\n<meta property=\"og:title\" content=\"Panorama de Brest - vue du pont de l&#039;Harteloire - La boutique photos\" \/>\n<meta property=\"og:description\" content=\"Panorama de Brest, vue du Pont de l&#039;Harteloire, c\u00f4t\u00e9 mer.\" \/>\n<meta property=\"og:url\" content=\"https:\/\/photos-infographiste.com\/boutique\/produit\/panorama-de-brest-vue-du-pont-de-lharteloire\/\" \/>\n<meta property=\"og:site_name\" content=\"La boutique photos\" \/>\n<meta property=\"article:modified_time\" content=\"2021-01-13T15:38:13+00:00\" \/>\n<meta property=\"og:image\" content=\"https:\/\/photos-infographiste.com\/boutique\/wp-content\/uploads\/2021\/01\/panorama-harteloire-mer_1600-306.jpg\" \/>\n\t<meta property=\"og:image:width\" content=\"1600\" \/>\n\t<meta property=\"og:image:height\" content=\"306\" \/>\n<meta name=\"twitter:card\" content=\"summary_large_image\" \/>\n<script type=\"application\/ld+json\" class=\"yoast-schema-graph\">{\"@context\":\"https:\/\/schema.org\",\"@graph\":[{\"@type\":\"Organization\",\"@id\":\"https:\/\/photos-infographiste.com\/boutique\/#organization\",\"name\":\"photos-infographiste.com\",\"url\":\"https:\/\/photos-infographiste.com\/boutique\/\",\"sameAs\":[],\"logo\":{\"@type\":\"ImageObject\",\"@id\":\"https:\/\/photos-infographiste.com\/boutique\/#logo\",\"inLanguage\":\"fr-FR\",\"url\":\"https:\/\/photos-infographiste.com\/boutique\/wp-content\/uploads\/2021\/01\/logo-boutique_250-100-v2.png\",\"contentUrl\":\"https:\/\/photos-infographiste.com\/boutique\/wp-content\/uploads\/2021\/01\/logo-boutique_250-100-v2.png\",\"width\":250,\"height\":100,\"caption\":\"photos-infographiste.com\"},\"image\":{\"@id\":\"https:\/\/photos-infographiste.com\/boutique\/#logo\"}},{\"@type\":\"WebSite\",\"@id\":\"https:\/\/photos-infographiste.com\/boutique\/#website\",\"url\":\"https:\/\/photos-infographiste.com\/boutique\/\",\"name\":\"La boutique photos\",\"description\":\"photos-infographiste.com\",\"publisher\":{\"@id\":\"https:\/\/photos-infographiste.com\/boutique\/#organization\"},\"potentialAction\":[{\"@type\":\"SearchAction\",\"target\":\"https:\/\/photos-infographiste.com\/boutique\/?s={search_term_string}\",\"query-input\":\"required name=search_term_string\"}],\"inLanguage\":\"fr-FR\"},{\"@type\":\"ImageObject\",\"@id\":\"https:\/\/photos-infographiste.com\/boutique\/produit\/panorama-de-brest-vue-du-pont-de-lharteloire\/#primaryimage\",\"inLanguage\":\"fr-FR\",\"url\":\"https:\/\/photos-infographiste.com\/boutique\/wp-content\/uploads\/2021\/01\/panorama-harteloire-mer_1600-306.jpg\",\"contentUrl\":\"https:\/\/photos-infographiste.com\/boutique\/wp-content\/uploads\/2021\/01\/panorama-harteloire-mer_1600-306.jpg\",\"width\":1600,\"height\":306,\"caption\":\"Panorama de Brest vue du pont de l'Harteloire\"},{\"@type\":\"WebPage\",\"@id\":\"https:\/\/photos-infographiste.com\/boutique\/produit\/panorama-de-brest-vue-du-pont-de-lharteloire\/#webpage\",\"url\":\"https:\/\/photos-infographiste.com\/boutique\/produit\/panorama-de-brest-vue-du-pont-de-lharteloire\/\",\"name\":\"Panorama de Brest - vue du pont de l'Harteloire - La boutique photos\",\"isPartOf\":{\"@id\":\"https:\/\/photos-infographiste.com\/boutique\/#website\"},\"primaryImageOfPage\":{\"@id\":\"https:\/\/photos-infographiste.com\/boutique\/produit\/panorama-de-brest-vue-du-pont-de-lharteloire\/#primaryimage\"},\"datePublished\":\"2021-01-12T15:13:13+00:00\",\"dateModified\":\"2021-01-13T15:38:13+00:00\",\"breadcrumb\":{\"@id\":\"https:\/\/photos-infographiste.com\/boutique\/produit\/panorama-de-brest-vue-du-pont-de-lharteloire\/#breadcrumb\"},\"inLanguage\":\"fr-FR\",\"potentialAction\":[{\"@type\":\"ReadAction\",\"target\":[\"https:\/\/photos-infographiste.com\/boutique\/produit\/panorama-de-brest-vue-du-pont-de-lharteloire\/\"]}]},{\"@type\":\"BreadcrumbList\",\"@id\":\"https:\/\/photos-infographiste.com\/boutique\/produit\/panorama-de-brest-vue-du-pont-de-lharteloire\/#breadcrumb\",\"itemListElement\":[{\"@type\":\"ListItem\",\"position\":1,\"item\":{\"@type\":\"WebPage\",\"@id\":\"https:\/\/photos-infographiste.com\/boutique\/\",\"url\":\"https:\/\/photos-infographiste.com\/boutique\/\",\"name\":\"Accueil\"}},{\"@type\":\"ListItem\",\"position\":2,\"item\":{\"@type\":\"WebPage\",\"@id\":\"https:\/\/photos-infographiste.com\/boutique\/\",\"url\":\"https:\/\/photos-infographiste.com\/boutique\/\",\"name\":\"La boutique \\u00e0 photos\"}},{\"@type\":\"ListItem\",\"position\":3,\"item\":{\"@id\":\"https:\/\/photos-infographiste.com\/boutique\/produit\/panorama-de-brest-vue-du-pont-de-lharteloire\/#webpage\"}}]}]}<\/script>\n<!-- \/ Yoast SEO plugin. -->","_links":{"self":[{"href":"https:\/\/photos-infographiste.com\/boutique\/wp-json\/wp\/v2\/product\/146"}],"collection":[{"href":"https:\/\/photos-infographiste.com\/boutique\/wp-json\/wp\/v2\/product"}],"about":[{"href":"https:\/\/photos-infographiste.com\/boutique\/wp-json\/wp\/v2\/types\/product"}],"replies":[{"embeddable":true,"href":"https:\/\/photos-infographiste.com\/boutique\/wp-json\/wp\/v2\/comments?post=146"}],"wp:featuredmedia":[{"embeddable":true,"href":"https:\/\/photos-infographiste.com\/boutique\/wp-json\/wp\/v2\/media\/179"}],"wp:attachment":[{"href":"https:\/\/photos-infographiste.com\/boutique\/wp-json\/wp\/v2\/media?parent=146"}],"curies":[{"name":"wp","href":"https:\/\/api.w.org\/{rel}","templated":true}]}}

<p>Panorama de Brest dans le Finistère, vue du Pont de l&#8217;Harteloire, côté mer.<br />
Taille réelle de l&#8217;image 1,30 m x 0,22 m à 300 dpi</p>

<p>Panorama de Brest, vue du Pont de l&#8217;Harteloire, côté mer.</p>

<!-- This site is optimized with the Yoast SEO plugin v16.3 - https://yoast.com/wordpress/plugins/seo/ -->
<title>Panorama de Brest - vue du pont de l&#039;Harteloire - La boutique photos</title>
<meta name="robots" content="index, follow, max-snippet:-1, max-image-preview:large, max-video-preview:-1" />
<link rel="canonical" href="https://photos-infographiste.com/boutique/produit/panorama-de-brest-vue-du-pont-de-lharteloire/" />
<meta property="og:locale" content="fr_FR" />
<meta property="og:type" content="article" />
<meta property="og:title" content="Panorama de Brest - vue du pont de l&#039;Harteloire - La boutique photos" />
<meta property="og:description" content="Panorama de Brest, vue du Pont de l&#039;Harteloire, côté mer." />
<meta property="og:url" content="https://photos-infographiste.com/boutique/produit/panorama-de-brest-vue-du-pont-de-lharteloire/" />
<meta property="og:site_name" content="La boutique photos" />
<meta property="article:modified_time" content="2021-01-13T15:38:13+00:00" />
<meta property="og:image" content="https://photos-infographiste.com/boutique/wp-content/uploads/2021/01/panorama-harteloire-mer_1600-306.jpg" />
	<meta property="og:image:width" content="1600" />
	<meta property="og:image:height" content="306" />
<meta name="twitter:card" content="summary_large_image" />
<script type="application/ld+json" class="yoast-schema-graph">{"@context":"https://schema.org","@graph":[{"@type":"Organization","@id":"https://photos-infographiste.com/boutique/#organization","name":"photos-infographiste.com","url":"https://photos-infographiste.com/boutique/","sameAs":[],"logo":{"@type":"ImageObject","@id":"https://photos-infographiste.com/boutique/#logo","inLanguage":"fr-FR","url":"https://photos-infographiste.com/boutique/wp-content/uploads/2021/01/logo-boutique_250-100-v2.png","contentUrl":"https://photos-infographiste.com/boutique/wp-content/uploads/2021/01/logo-boutique_250-100-v2.png","width":250,"height":100,"caption":"photos-infographiste.com"},"image":{"@id":"https://photos-infographiste.com/boutique/#logo"}},{"@type":"WebSite","@id":"https://photos-infographiste.com/boutique/#website","url":"https://photos-infographiste.com/boutique/","name":"La boutique photos","description":"photos-infographiste.com","publisher":{"@id":"https://photos-infographiste.com/boutique/#organization"},"potentialAction":[{"@type":"SearchAction","target":"https://photos-infographiste.com/boutique/?s={search_term_string}","query-input":"required name=search_term_string"}],"inLanguage":"fr-FR"},{"@type":"ImageObject","@id":"https://photos-infographiste.com/boutique/produit/panorama-de-brest-vue-du-pont-de-lharteloire/#primaryimage","inLanguage":"fr-FR","url":"https://photos-infographiste.com/boutique/wp-content/uploads/2021/01/panorama-harteloire-mer_1600-306.jpg","contentUrl":"https://photos-infographiste.com/boutique/wp-content/uploads/2021/01/panorama-harteloire-mer_1600-306.jpg","width":1600,"height":306,"caption":"Panorama de Brest vue du pont de l'Harteloire"},{"@type":"WebPage","@id":"https://photos-infographiste.com/boutique/produit/panorama-de-brest-vue-du-pont-de-lharteloire/#webpage","url":"https://photos-infographiste.com/boutique/produit/panorama-de-brest-vue-du-pont-de-lharteloire/","name":"Panorama de Brest - vue du pont de l'Harteloire - La boutique photos","isPartOf":{"@id":"https://photos-infographiste.com/boutique/#website"},"primaryImageOfPage":{"@id":"https://photos-infographiste.com/boutique/produit/panorama-de-brest-vue-du-pont-de-lharteloire/#primaryimage"},"datePublished":"2021-01-12T15:13:13+00:00","dateModified":"2021-01-13T15:38:13+00:00","breadcrumb":{"@id":"https://photos-infographiste.com/boutique/produit/panorama-de-brest-vue-du-pont-de-lharteloire/#breadcrumb"},"inLanguage":"fr-FR","potentialAction":[{"@type":"ReadAction","target":["https://photos-infographiste.com/boutique/produit/panorama-de-brest-vue-du-pont-de-lharteloire/"]}]},{"@type":"BreadcrumbList","@id":"https://photos-infographiste.com/boutique/produit/panorama-de-brest-vue-du-pont-de-lharteloire/#breadcrumb","itemListElement":[{"@type":"ListItem","position":1,"item":{"@type":"WebPage","@id":"https://photos-infographiste.com/boutique/","url":"https://photos-infographiste.com/boutique/","name":"Accueil"}},{"@type":"ListItem","position":2,"item":{"@type":"WebPage","@id":"https://photos-infographiste.com/boutique/","url":"https://photos-infographiste.com/boutique/","name":"La boutique \u00e0 photos"}},{"@type":"ListItem","position":3,"item":{"@id":"https://photos-infographiste.com/boutique/produit/panorama-de-brest-vue-du-pont-de-lharteloire/#webpage"}}]}]}</script>
<!-- / Yoast SEO plugin. -->
