{"id":500,"date":"2021-05-21T12:38:02","date_gmt":"2021-05-21T10:38:02","guid":{"rendered":"https:\/\/photos-infographiste.com\/boutique\/?post_type=product&#038;p=500"},"modified":"2021-05-21T15:38:27","modified_gmt":"2021-05-21T13:38:27","slug":"arrivee-au-marche-de-myithkyina-irrawaddy","status":"publish","type":"product","link":"https:\/\/photos-infographiste.com\/boutique\/produit\/arrivee-au-marche-de-myithkyina-irrawaddy\/","title":{"rendered":"Arriv\u00e9e au march\u00e9 de Myithkyina \u00e0 l&#8217;aube"},"content":{"rendered":"","protected":false},"excerpt":{"rendered":"<p>Arriv\u00e9e \u00e0 l&#8217;aube de vendeurs avec leur production l\u00e9gumes sur une petite embarcation sur le fleuve Irrawady \u00e0 Myithkyina au Myanmar (Birmanie)<\/p>\n","protected":false},"featured_media":504,"comment_status":"open","ping_status":"closed","template":"","meta":[],"yoast_head":"<!-- This site is optimized with the Yoast SEO plugin v16.3 - https:\/\/yoast.com\/wordpress\/plugins\/seo\/ -->\n<title>Arriv\u00e9e au march\u00e9 de Myithkyina \u00e0 l&#039;aube - La boutique photos<\/title>\n<meta name=\"description\" content=\"Arriv\u00e9e \u00e0 l&#039;aube de vendeurs de l\u00e9gumes sur une petite embarcation sur le fleuve Irrawady \u00e0 Myithkyina au Myanmar (Birmanie)\" \/>\n<meta name=\"robots\" content=\"index, follow, max-snippet:-1, max-image-preview:large, max-video-preview:-1\" \/>\n<link rel=\"canonical\" href=\"https:\/\/photos-infographiste.com\/boutique\/produit\/arrivee-au-marche-de-myithkyina-irrawaddy\/\" \/>\n<meta property=\"og:locale\" content=\"fr_FR\" \/>\n<meta property=\"og:type\" content=\"article\" \/>\n<meta property=\"og:title\" content=\"Arriv\u00e9e au march\u00e9 de Myithkyina \u00e0 l&#039;aube - La boutique photos\" \/>\n<meta property=\"og:description\" content=\"Arriv\u00e9e \u00e0 l&#039;aube de vendeurs de l\u00e9gumes sur une petite embarcation sur le fleuve Irrawady \u00e0 Myithkyina au Myanmar (Birmanie)\" \/>\n<meta property=\"og:url\" content=\"https:\/\/photos-infographiste.com\/boutique\/produit\/arrivee-au-marche-de-myithkyina-irrawaddy\/\" \/>\n<meta property=\"og:site_name\" content=\"La boutique photos\" \/>\n<meta property=\"article:modified_time\" content=\"2021-05-21T13:38:27+00:00\" \/>\n<meta property=\"og:image\" content=\"https:\/\/photos-infographiste.com\/boutique\/wp-content\/uploads\/2021\/05\/YAN3664.jpg\" \/>\n\t<meta property=\"og:image:width\" content=\"1024\" \/>\n\t<meta property=\"og:image:height\" content=\"680\" \/>\n<meta name=\"twitter:card\" content=\"summary_large_image\" \/>\n<script type=\"application\/ld+json\" class=\"yoast-schema-graph\">{\"@context\":\"https:\/\/schema.org\",\"@graph\":[{\"@type\":\"Organization\",\"@id\":\"https:\/\/photos-infographiste.com\/boutique\/#organization\",\"name\":\"photos-infographiste.com\",\"url\":\"https:\/\/photos-infographiste.com\/boutique\/\",\"sameAs\":[],\"logo\":{\"@type\":\"ImageObject\",\"@id\":\"https:\/\/photos-infographiste.com\/boutique\/#logo\",\"inLanguage\":\"fr-FR\",\"url\":\"https:\/\/photos-infographiste.com\/boutique\/wp-content\/uploads\/2021\/01\/logo-boutique_250-100-v2.png\",\"contentUrl\":\"https:\/\/photos-infographiste.com\/boutique\/wp-content\/uploads\/2021\/01\/logo-boutique_250-100-v2.png\",\"width\":250,\"height\":100,\"caption\":\"photos-infographiste.com\"},\"image\":{\"@id\":\"https:\/\/photos-infographiste.com\/boutique\/#logo\"}},{\"@type\":\"WebSite\",\"@id\":\"https:\/\/photos-infographiste.com\/boutique\/#website\",\"url\":\"https:\/\/photos-infographiste.com\/boutique\/\",\"name\":\"La boutique photos\",\"description\":\"photos-infographiste.com\",\"publisher\":{\"@id\":\"https:\/\/photos-infographiste.com\/boutique\/#organization\"},\"potentialAction\":[{\"@type\":\"SearchAction\",\"target\":\"https:\/\/photos-infographiste.com\/boutique\/?s={search_term_string}\",\"query-input\":\"required name=search_term_string\"}],\"inLanguage\":\"fr-FR\"},{\"@type\":\"ImageObject\",\"@id\":\"https:\/\/photos-infographiste.com\/boutique\/produit\/arrivee-au-marche-de-myithkyina-irrawaddy\/#primaryimage\",\"inLanguage\":\"fr-FR\",\"url\":\"https:\/\/photos-infographiste.com\/boutique\/wp-content\/uploads\/2021\/05\/YAN3664.jpg\",\"contentUrl\":\"https:\/\/photos-infographiste.com\/boutique\/wp-content\/uploads\/2021\/05\/YAN3664.jpg\",\"width\":1024,\"height\":680,\"caption\":\"sur le fleuve irrawaddy - Myithkyina\"},{\"@type\":\"WebPage\",\"@id\":\"https:\/\/photos-infographiste.com\/boutique\/produit\/arrivee-au-marche-de-myithkyina-irrawaddy\/#webpage\",\"url\":\"https:\/\/photos-infographiste.com\/boutique\/produit\/arrivee-au-marche-de-myithkyina-irrawaddy\/\",\"name\":\"Arriv\\u00e9e au march\\u00e9 de Myithkyina \\u00e0 l'aube - La boutique photos\",\"isPartOf\":{\"@id\":\"https:\/\/photos-infographiste.com\/boutique\/#website\"},\"primaryImageOfPage\":{\"@id\":\"https:\/\/photos-infographiste.com\/boutique\/produit\/arrivee-au-marche-de-myithkyina-irrawaddy\/#primaryimage\"},\"datePublished\":\"2021-05-21T10:38:02+00:00\",\"dateModified\":\"2021-05-21T13:38:27+00:00\",\"description\":\"Arriv\\u00e9e \\u00e0 l'aube de vendeurs de l\\u00e9gumes sur une petite embarcation sur le fleuve Irrawady \\u00e0 Myithkyina au Myanmar (Birmanie)\",\"breadcrumb\":{\"@id\":\"https:\/\/photos-infographiste.com\/boutique\/produit\/arrivee-au-marche-de-myithkyina-irrawaddy\/#breadcrumb\"},\"inLanguage\":\"fr-FR\",\"potentialAction\":[{\"@type\":\"ReadAction\",\"target\":[\"https:\/\/photos-infographiste.com\/boutique\/produit\/arrivee-au-marche-de-myithkyina-irrawaddy\/\"]}]},{\"@type\":\"BreadcrumbList\",\"@id\":\"https:\/\/photos-infographiste.com\/boutique\/produit\/arrivee-au-marche-de-myithkyina-irrawaddy\/#breadcrumb\",\"itemListElement\":[{\"@type\":\"ListItem\",\"position\":1,\"item\":{\"@type\":\"WebPage\",\"@id\":\"https:\/\/photos-infographiste.com\/boutique\/\",\"url\":\"https:\/\/photos-infographiste.com\/boutique\/\",\"name\":\"Accueil\"}},{\"@type\":\"ListItem\",\"position\":2,\"item\":{\"@type\":\"WebPage\",\"@id\":\"https:\/\/photos-infographiste.com\/boutique\/\",\"url\":\"https:\/\/photos-infographiste.com\/boutique\/\",\"name\":\"La boutique \\u00e0 photos\"}},{\"@type\":\"ListItem\",\"position\":3,\"item\":{\"@id\":\"https:\/\/photos-infographiste.com\/boutique\/produit\/arrivee-au-marche-de-myithkyina-irrawaddy\/#webpage\"}}]}]}<\/script>\n<!-- \/ Yoast SEO plugin. -->","_links":{"self":[{"href":"https:\/\/photos-infographiste.com\/boutique\/wp-json\/wp\/v2\/product\/500"}],"collection":[{"href":"https:\/\/photos-infographiste.com\/boutique\/wp-json\/wp\/v2\/product"}],"about":[{"href":"https:\/\/photos-infographiste.com\/boutique\/wp-json\/wp\/v2\/types\/product"}],"replies":[{"embeddable":true,"href":"https:\/\/photos-infographiste.com\/boutique\/wp-json\/wp\/v2\/comments?post=500"}],"wp:featuredmedia":[{"embeddable":true,"href":"https:\/\/photos-infographiste.com\/boutique\/wp-json\/wp\/v2\/media\/504"}],"wp:attachment":[{"href":"https:\/\/photos-infographiste.com\/boutique\/wp-json\/wp\/v2\/media?parent=500"}],"curies":[{"name":"wp","href":"https:\/\/api.w.org\/{rel}","templated":true}]}}