{"id":603,"date":"2021-06-09T12:36:36","date_gmt":"2021-06-09T10:36:36","guid":{"rendered":"https:\/\/photos-infographiste.com\/boutique\/?post_type=product&#038;p=603"},"modified":"2021-06-09T12:53:25","modified_gmt":"2021-06-09T10:53:25","slug":"le-sentier-gr-34-entre-saint-mathieu-et-bertheaume","status":"publish","type":"product","link":"https:\/\/photos-infographiste.com\/boutique\/produit\/le-sentier-gr-34-entre-saint-mathieu-et-bertheaume\/","title":{"rendered":"Le sentier c\u00f4tier entre Saint-Mathieu et Bertheaume"},"content":{"rendered":"","protected":false},"excerpt":{"rendered":"<p>Le sentier c\u00f4tier &#8211; sentier de grande randonn\u00e9e GR 34 entre le fort de Bertheaume et la pointe Saint-Mathieu \u00e0 Plougonvelin en terre d&#8217;Iroise dans le finist\u00e8re en Bretagne<\/p>\n","protected":false},"featured_media":607,"comment_status":"open","ping_status":"closed","template":"","meta":[],"yoast_head":"<!-- This site is optimized with the Yoast SEO plugin v16.3 - https:\/\/yoast.com\/wordpress\/plugins\/seo\/ -->\n<title>Le sentier c\u00f4tier entre Saint-Mathieu et Bertheaume - La boutique photos<\/title>\n<meta name=\"description\" content=\"Le sentier c\u00f4tier - sentier de grande randonn\u00e9e GR 34 entre le fort de Bertheaume et la pointe Saint-Mathieu \u00e0 Plougonvelin - Finist\u00e8re\" \/>\n<meta name=\"robots\" content=\"index, follow, max-snippet:-1, max-image-preview:large, max-video-preview:-1\" \/>\n<link rel=\"canonical\" href=\"https:\/\/photos-infographiste.com\/boutique\/produit\/le-sentier-gr-34-entre-saint-mathieu-et-bertheaume\/\" \/>\n<meta property=\"og:locale\" content=\"fr_FR\" \/>\n<meta property=\"og:type\" content=\"article\" \/>\n<meta property=\"og:title\" content=\"Le sentier c\u00f4tier entre Saint-Mathieu et Bertheaume - La boutique photos\" \/>\n<meta property=\"og:description\" content=\"Le sentier c\u00f4tier - sentier de grande randonn\u00e9e GR 34 entre le fort de Bertheaume et la pointe Saint-Mathieu \u00e0 Plougonvelin - Finist\u00e8re\" \/>\n<meta property=\"og:url\" content=\"https:\/\/photos-infographiste.com\/boutique\/produit\/le-sentier-gr-34-entre-saint-mathieu-et-bertheaume\/\" \/>\n<meta property=\"og:site_name\" content=\"La boutique photos\" \/>\n<meta property=\"article:modified_time\" content=\"2021-06-09T10:53:25+00:00\" \/>\n<meta property=\"og:image\" content=\"https:\/\/photos-infographiste.com\/boutique\/wp-content\/uploads\/2021\/06\/GRO1063.jpg\" \/>\n\t<meta property=\"og:image:width\" content=\"1024\" \/>\n\t<meta property=\"og:image:height\" content=\"680\" \/>\n<meta name=\"twitter:card\" content=\"summary_large_image\" \/>\n<script type=\"application\/ld+json\" class=\"yoast-schema-graph\">{\"@context\":\"https:\/\/schema.org\",\"@graph\":[{\"@type\":\"Organization\",\"@id\":\"https:\/\/photos-infographiste.com\/boutique\/#organization\",\"name\":\"photos-infographiste.com\",\"url\":\"https:\/\/photos-infographiste.com\/boutique\/\",\"sameAs\":[],\"logo\":{\"@type\":\"ImageObject\",\"@id\":\"https:\/\/photos-infographiste.com\/boutique\/#logo\",\"inLanguage\":\"fr-FR\",\"url\":\"https:\/\/photos-infographiste.com\/boutique\/wp-content\/uploads\/2021\/01\/logo-boutique_250-100-v2.png\",\"contentUrl\":\"https:\/\/photos-infographiste.com\/boutique\/wp-content\/uploads\/2021\/01\/logo-boutique_250-100-v2.png\",\"width\":250,\"height\":100,\"caption\":\"photos-infographiste.com\"},\"image\":{\"@id\":\"https:\/\/photos-infographiste.com\/boutique\/#logo\"}},{\"@type\":\"WebSite\",\"@id\":\"https:\/\/photos-infographiste.com\/boutique\/#website\",\"url\":\"https:\/\/photos-infographiste.com\/boutique\/\",\"name\":\"La boutique photos\",\"description\":\"photos-infographiste.com\",\"publisher\":{\"@id\":\"https:\/\/photos-infographiste.com\/boutique\/#organization\"},\"potentialAction\":[{\"@type\":\"SearchAction\",\"target\":\"https:\/\/photos-infographiste.com\/boutique\/?s={search_term_string}\",\"query-input\":\"required name=search_term_string\"}],\"inLanguage\":\"fr-FR\"},{\"@type\":\"ImageObject\",\"@id\":\"https:\/\/photos-infographiste.com\/boutique\/produit\/le-sentier-gr-34-entre-saint-mathieu-et-bertheaume\/#primaryimage\",\"inLanguage\":\"fr-FR\",\"url\":\"https:\/\/photos-infographiste.com\/boutique\/wp-content\/uploads\/2021\/06\/GRO1063.jpg\",\"contentUrl\":\"https:\/\/photos-infographiste.com\/boutique\/wp-content\/uploads\/2021\/06\/GRO1063.jpg\",\"width\":1024,\"height\":680,\"caption\":\"Le sentier c\\u00f4tier entre Bertheaume et Saint-Mathieu - Plougonvelin\"},{\"@type\":\"WebPage\",\"@id\":\"https:\/\/photos-infographiste.com\/boutique\/produit\/le-sentier-gr-34-entre-saint-mathieu-et-bertheaume\/#webpage\",\"url\":\"https:\/\/photos-infographiste.com\/boutique\/produit\/le-sentier-gr-34-entre-saint-mathieu-et-bertheaume\/\",\"name\":\"Le sentier c\\u00f4tier entre Saint-Mathieu et Bertheaume - La boutique photos\",\"isPartOf\":{\"@id\":\"https:\/\/photos-infographiste.com\/boutique\/#website\"},\"primaryImageOfPage\":{\"@id\":\"https:\/\/photos-infographiste.com\/boutique\/produit\/le-sentier-gr-34-entre-saint-mathieu-et-bertheaume\/#primaryimage\"},\"datePublished\":\"2021-06-09T10:36:36+00:00\",\"dateModified\":\"2021-06-09T10:53:25+00:00\",\"description\":\"Le sentier c\\u00f4tier - sentier de grande randonn\\u00e9e GR 34 entre le fort de Bertheaume et la pointe Saint-Mathieu \\u00e0 Plougonvelin - Finist\\u00e8re\",\"breadcrumb\":{\"@id\":\"https:\/\/photos-infographiste.com\/boutique\/produit\/le-sentier-gr-34-entre-saint-mathieu-et-bertheaume\/#breadcrumb\"},\"inLanguage\":\"fr-FR\",\"potentialAction\":[{\"@type\":\"ReadAction\",\"target\":[\"https:\/\/photos-infographiste.com\/boutique\/produit\/le-sentier-gr-34-entre-saint-mathieu-et-bertheaume\/\"]}]},{\"@type\":\"BreadcrumbList\",\"@id\":\"https:\/\/photos-infographiste.com\/boutique\/produit\/le-sentier-gr-34-entre-saint-mathieu-et-bertheaume\/#breadcrumb\",\"itemListElement\":[{\"@type\":\"ListItem\",\"position\":1,\"item\":{\"@type\":\"WebPage\",\"@id\":\"https:\/\/photos-infographiste.com\/boutique\/\",\"url\":\"https:\/\/photos-infographiste.com\/boutique\/\",\"name\":\"Accueil\"}},{\"@type\":\"ListItem\",\"position\":2,\"item\":{\"@type\":\"WebPage\",\"@id\":\"https:\/\/photos-infographiste.com\/boutique\/\",\"url\":\"https:\/\/photos-infographiste.com\/boutique\/\",\"name\":\"La boutique \\u00e0 photos\"}},{\"@type\":\"ListItem\",\"position\":3,\"item\":{\"@id\":\"https:\/\/photos-infographiste.com\/boutique\/produit\/le-sentier-gr-34-entre-saint-mathieu-et-bertheaume\/#webpage\"}}]}]}<\/script>\n<!-- \/ Yoast SEO plugin. -->","_links":{"self":[{"href":"https:\/\/photos-infographiste.com\/boutique\/wp-json\/wp\/v2\/product\/603"}],"collection":[{"href":"https:\/\/photos-infographiste.com\/boutique\/wp-json\/wp\/v2\/product"}],"about":[{"href":"https:\/\/photos-infographiste.com\/boutique\/wp-json\/wp\/v2\/types\/product"}],"replies":[{"embeddable":true,"href":"https:\/\/photos-infographiste.com\/boutique\/wp-json\/wp\/v2\/comments?post=603"}],"wp:featuredmedia":[{"embeddable":true,"href":"https:\/\/photos-infographiste.com\/boutique\/wp-json\/wp\/v2\/media\/607"}],"wp:attachment":[{"href":"https:\/\/photos-infographiste.com\/boutique\/wp-json\/wp\/v2\/media?parent=603"}],"curies":[{"name":"wp","href":"https:\/\/api.w.org\/{rel}","templated":true}]}}